{"id":49,"date":"2017-05-09T19:19:04","date_gmt":"2017-05-09T17:19:04","guid":{"rendered":"http:\/\/maitrerecchia-avocat.fr\/?page_id=49"},"modified":"2024-02-05T12:01:00","modified_gmt":"2024-02-05T11:01:00","slug":"honoraires","status":"publish","type":"page","link":"https:\/\/maitrerecchia-avocat.fr\/index.php\/honoraires\/","title":{"rendered":"Honoraires"},"content":{"rendered":"\n<div style=\"height:40px\" aria-hidden=\"true\" class=\"wp-block-spacer\"><\/div>\n\n\n\n<p>Les honoraires de Ma\u00eetre Alexandra RECCHIA sont fix\u00e9s conform\u00e9ment \u00e0 l&rsquo;article 11&nbsp;du R\u00e8glement Int\u00e9rieur National de la Profession d&rsquo;Avocat dont le texte est ci-apr\u00e8s rappel\u00e9&nbsp;:<\/p>\n\n\n\n<p>\u00ab\u00a011.1 L\u2019avocat informe son client, d\u00e8s sa saisine, des modalit\u00e9s de d\u00e9termination des honoraires et l\u2019informe r\u00e9guli\u00e8rement de l\u2019\u00e9volution de leur montant. L\u2019avocat informe \u00e9galement son client de l\u2019ensemble des frais, d\u00e9bours et \u00e9moluments qu\u2019il pourrait exposer.<\/p>\n\n\n\n<p>11.2 Sauf en cas d\u2019urgence ou de force majeure ou lorsqu\u2019il intervient au titre de l\u2019aide juridictionnelle totale ou de la troisi\u00e8me partie de la loi n\u00b0 91-647 du 10 juillet 1991 relative \u00e0 l\u2019aide juridique, l\u2019avocat conclut par \u00e9crit avec son client une convention d\u2019honoraires, qui pr\u00e9cise, notamment, le montant ou le mode de d\u00e9termination des honoraires couvrant les diligences pr\u00e9visibles, ainsi que les divers frais et d\u00e9bours envisag\u00e9s.<\/p>\n\n\n\n<p><u>D\u00e9termination des honoraires<\/u><\/p>\n\n\n\n<p>Les honoraires sont fix\u00e9s selon les usages, en fonction de la situation de fortune du client, de la difficult\u00e9 de l\u2019affaire, des frais expos\u00e9s par l\u2019avocat, de sa notori\u00e9t\u00e9 et des diligences de celui-ci. L\u2019avocat charg\u00e9 d\u2019un dossier peut demander des honoraires \u00e0 son client m\u00eame si ce dossier lui est retir\u00e9 avant sa conclusion, dans la mesure du travail accompli.<\/p>\n\n\n\n<p><u>El\u00e9ments de la r\u00e9mun\u00e9ration<\/u><\/p>\n\n\n\n<p>La r\u00e9mun\u00e9ration de l\u2019avocat est fonction, notamment, de chacun des \u00e9l\u00e9ments suivants conform\u00e9ment aux usages :<\/p>\n\n\n\n<ul>\n<li>le temps consacr\u00e9 \u00e0 l\u2019affaire,<\/li>\n\n\n\n<li>le travail de recherche,<\/li>\n\n\n\n<li>la nature et la difficult\u00e9 de l\u2019affaire,<\/li>\n\n\n\n<li>l\u2019importance des int\u00e9r\u00eats en cause,<\/li>\n\n\n\n<li>l\u2019incidence des frais et charges du cabinet auquel il appartient,<\/li>\n\n\n\n<li>sa notori\u00e9t\u00e9, ses titres, son anciennet\u00e9, son exp\u00e9rience et la sp\u00e9cialisation dont il est titulaire,<\/li>\n\n\n\n<li>les avantages et le r\u00e9sultat obtenus au profit du client par son travail, ainsi que le service rendu \u00e0 celui-ci,<\/li>\n\n\n\n<li>la situation de fortune du client.<\/li>\n<\/ul>\n\n\n\n<p>11.3 Il est interdit \u00e0 l\u2019avocat de fixer ses honoraires par un pacte de quota litis.<\/p>\n\n\n\n<p>Le pacte de quota litis est une convention pass\u00e9e entre l\u2019avocat et son client avant d\u00e9cision judiciaire d\u00e9finitive, qui fixe exclusivement l\u2019int\u00e9gralit\u00e9 de ses honoraires en fonction du r\u00e9sultat judiciaire de l\u2019affaire, que ces honoraires consistent en une somme d\u2019argent ou en tout autre bien ou valeur.<\/p>\n\n\n\n<p>L\u2019avocat ne peut percevoir d\u2019honoraires que de son client ou d\u2019un mandataire de celui-ci.<\/p>\n\n\n\n<p>La r\u00e9mun\u00e9ration d\u2019apports d\u2019affaires est interdite.<\/p>\n\n\n\n<p>11.5 Les honoraires sont pay\u00e9s dans les conditions pr\u00e9vues par la loi et les r\u00e8glements, notamment en esp\u00e8ces, par ch\u00e8que, par virement, par billet \u00e0 ordre et par carte bancaire.<\/p>\n\n\n\n<p>L\u2019avocat peut recevoir un paiement par lettre de change d\u00e8s lors que celle-ci est accept\u00e9e par le tir\u00e9, client de l\u2019avocat.<\/p>\n\n\n\n<p>L\u2019endossement ne peut \u00eatre fait qu\u2019au profit de la banque de l\u2019avocat, aux seules fins d\u2019encaissement.<\/p>\n\n\n\n<p>L\u2019avocat porteur d\u2019une lettre de change impay\u00e9e peut agir devant le Tribunal de Commerce. Toutefois, en cas de contestation de la cr\u00e9ance d\u2019honoraires, il devra saisir son b\u00e2tonnier aux fins de taxation et solliciter le sursis \u00e0 statuer devant la juridiction commerciale.<\/p>\n\n\n\n<p>11.6 L\u2019avocat qui accepte la charge d\u2019un dossier peut demander \u00e0 son client le versement pr\u00e9alable d\u2019une provision \u00e0 valoir sur ses frais et honoraires.<\/p>\n\n\n\n<p>Cette provision ne peut aller au-del\u00e0 d\u2019une estimation raisonnable des honoraires et des d\u00e9bours probables entra\u00een\u00e9s par le dossier.<\/p>\n\n\n\n<p>A d\u00e9faut de paiement de la provision demand\u00e9e, l\u2019avocat peut renoncer \u00e0 s\u2019occuper de l\u2019affaire ou s\u2019en retirer dans les conditions pr\u00e9vues \u00e0 l\u2019article 13 du d\u00e9cret du 12 juillet 2005. Il fournit \u00e0 son client toute information n\u00e9cessaire \u00e0 cet effet.<\/p>\n\n\n\n<p>11.7 L\u2019avocat d\u00e9tient \u00e0 tout moment, par dossier, une comptabilit\u00e9 pr\u00e9cise et distincte des honoraires et de toute somme qu\u2019il a pu recevoir et de l\u2019affectation qui leur a \u00e9t\u00e9 donn\u00e9e, sauf en cas de forfait global.<\/p>\n\n\n\n<p>Avant tout r\u00e8glement d\u00e9finitif, l\u2019avocat remet \u00e0 son client un compte d\u00e9taill\u00e9. Ce compte fait ressortir distinctement les frais et d\u00e9bours\u00e9s, les \u00e9moluments tarif\u00e9s et les honoraires. Il porte mention des sommes pr\u00e9c\u00e9demment re\u00e7ues \u00e0 titre de provision ou \u00e0 tout autre titre.<\/p>\n\n\n\n<p>Un compte \u00e9tabli selon les modalit\u00e9s pr\u00e9vues \u00e0 l\u2019alin\u00e9a pr\u00e9c\u00e9dent est \u00e9galement d\u00e9livr\u00e9 par l\u2019avocat \u00e0 la demande de son client ou du b\u00e2tonnier, ou lorsqu\u2019il en est requis par le pr\u00e9sident du tribunal de grande instance ou le premier pr\u00e9sident de la cour d\u2019appel, saisis d\u2019une contestation en mati\u00e8re d\u2019honoraires ou d\u00e9bours ou en mati\u00e8re de taxe.\u00a0\u00bb<\/p>\n\n\n\n<p><strong>La fixation de l&rsquo;honoraire peut s&rsquo;effectuer de la fa\u00e7on suivante :<\/strong><\/p>\n\n\n\n<ul>\n<li>Au temps pass\u00e9&nbsp;: le taux de r\u00e9mun\u00e9ration horaire est multipli\u00e9 par le nombre d&rsquo;heures effectu\u00e9es.<\/li>\n\n\n\n<li>Au forfait : la r\u00e9mun\u00e9ration&nbsp;globale est d\u00e9termin\u00e9e une fois pour toute, sans tenir compte du temps effectivement pass\u00e9.<\/li>\n\n\n\n<li>Au r\u00e9sultat : en sus de l&rsquo;honoraire au temps pass\u00e9 ou au forfait, un honoraire de r\u00e9sultat est librement n\u00e9goci\u00e9 \u00e0 l&rsquo;avance et consiste dans le r\u00e8glement d&rsquo;un pourcentage des sommes obtenues par l&rsquo;avocat ou de l&rsquo;\u00e9conomie r\u00e9alis\u00e9e suite \u00e0 une r\u00e9clamation de la partie adverse.<\/li>\n\n\n\n<li>Un Abonnement : si vous avez des besoins de conseils r\u00e9guliers.<\/li>\n<\/ul>\n","protected":false},"excerpt":{"rendered":"<p>Les honoraires de Ma\u00eetre Alexandra RECCHIA sont fix\u00e9s conform\u00e9ment \u00e0 l&rsquo;article 11&nbsp;du R\u00e8glement Int\u00e9rieur National de la Profession d&rsquo;Avocat dont le texte est ci-apr\u00e8s rappel\u00e9&nbsp;: \u00ab\u00a011.1 L\u2019avocat informe son client, d\u00e8s sa saisine, des modalit\u00e9s de d\u00e9termination des honoraires et l\u2019informe r\u00e9guli\u00e8rement de l\u2019\u00e9volution de leur montant. L\u2019avocat informe \u00e9galement son client de l\u2019ensemble des&hellip;&nbsp;<a href=\"https:\/\/maitrerecchia-avocat.fr\/index.php\/honoraires\/\" class=\"\" rel=\"bookmark\">Lire la suite &raquo;<span class=\"screen-reader-text\">Honoraires<\/span><\/a><\/p>\n","protected":false},"author":1,"featured_media":0,"parent":0,"menu_order":0,"comment_status":"closed","ping_status":"closed","template":"","meta":{"neve_meta_sidebar":"","neve_meta_container":"contained","neve_meta_enable_content_width":"on","neve_meta_content_width":70,"neve_meta_title_alignment":"","neve_meta_author_avatar":"","neve_post_elements_order":"","neve_meta_disable_header":"","neve_meta_disable_footer":"","neve_meta_disable_title":"","neve_meta_reading_time":"","footnotes":""},"yoast_head":"<!-- This site is optimized with the Yoast SEO plugin v21.9.1 - https:\/\/yoast.com\/wordpress\/plugins\/seo\/ -->\n<title>Honoraires - Alexandra Recchia<\/title>\n<meta name=\"robots\" content=\"index, follow, max-snippet:-1, max-image-preview:large, max-video-preview:-1\" \/>\n<link rel=\"canonical\" href=\"https:\/\/maitrerecchia-avocat.fr\/index.php\/honoraires\/\" \/>\n<meta property=\"og:locale\" content=\"fr_FR\" \/>\n<meta property=\"og:type\" content=\"article\" \/>\n<meta property=\"og:title\" content=\"Honoraires - Alexandra Recchia\" \/>\n<meta property=\"og:description\" content=\"Les honoraires de Ma\u00eetre Alexandra RECCHIA sont fix\u00e9s conform\u00e9ment \u00e0 l&rsquo;article 11&nbsp;du R\u00e8glement Int\u00e9rieur National de la Profession d&rsquo;Avocat dont le texte est ci-apr\u00e8s rappel\u00e9&nbsp;: \u00ab\u00a011.1 L\u2019avocat informe son client, d\u00e8s sa saisine, des modalit\u00e9s de d\u00e9termination des honoraires et l\u2019informe r\u00e9guli\u00e8rement de l\u2019\u00e9volution de leur montant. L\u2019avocat informe \u00e9galement son client de l\u2019ensemble des&hellip;&nbsp;Lire la suite &raquo;Honoraires\" \/>\n<meta property=\"og:url\" content=\"https:\/\/maitrerecchia-avocat.fr\/index.php\/honoraires\/\" \/>\n<meta property=\"og:site_name\" content=\"Alexandra Recchia\" \/>\n<meta property=\"article:modified_time\" content=\"2024-02-05T11:01:00+00:00\" \/>\n<meta name=\"twitter:card\" content=\"summary_large_image\" \/>\n<meta name=\"twitter:label1\" content=\"Dur\u00e9e de lecture estim\u00e9e\" \/>\n\t<meta name=\"twitter:data1\" content=\"5 minutes\" \/>\n<script type=\"application\/ld+json\" class=\"yoast-schema-graph\">{\"@context\":\"https:\/\/schema.org\",\"@graph\":[{\"@type\":\"WebPage\",\"@id\":\"https:\/\/maitrerecchia-avocat.fr\/index.php\/honoraires\/\",\"url\":\"https:\/\/maitrerecchia-avocat.fr\/index.php\/honoraires\/\",\"name\":\"Honoraires - Alexandra Recchia\",\"isPartOf\":{\"@id\":\"https:\/\/maitrerecchia-avocat.fr\/#website\"},\"datePublished\":\"2017-05-09T17:19:04+00:00\",\"dateModified\":\"2024-02-05T11:01:00+00:00\",\"breadcrumb\":{\"@id\":\"https:\/\/maitrerecchia-avocat.fr\/index.php\/honoraires\/#breadcrumb\"},\"inLanguage\":\"fr-FR\",\"potentialAction\":[{\"@type\":\"ReadAction\",\"target\":[\"https:\/\/maitrerecchia-avocat.fr\/index.php\/honoraires\/\"]}]},{\"@type\":\"BreadcrumbList\",\"@id\":\"https:\/\/maitrerecchia-avocat.fr\/index.php\/honoraires\/#breadcrumb\",\"itemListElement\":[{\"@type\":\"ListItem\",\"position\":1,\"name\":\"Accueil\",\"item\":\"https:\/\/maitrerecchia-avocat.fr\/\"},{\"@type\":\"ListItem\",\"position\":2,\"name\":\"Honoraires\"}]},{\"@type\":\"WebSite\",\"@id\":\"https:\/\/maitrerecchia-avocat.fr\/#website\",\"url\":\"https:\/\/maitrerecchia-avocat.fr\/\",\"name\":\"Alexandra Recchia Avocat\",\"description\":\"Avocate au Barreau de Paris\",\"publisher\":{\"@id\":\"https:\/\/maitrerecchia-avocat.fr\/#\/schema\/person\/867d9935368efbc038453ff47cfd7556\"},\"potentialAction\":[{\"@type\":\"SearchAction\",\"target\":{\"@type\":\"EntryPoint\",\"urlTemplate\":\"https:\/\/maitrerecchia-avocat.fr\/?s={search_term_string}\"},\"query-input\":\"required name=search_term_string\"}],\"inLanguage\":\"fr-FR\"},{\"@type\":[\"Person\",\"Organization\"],\"@id\":\"https:\/\/maitrerecchia-avocat.fr\/#\/schema\/person\/867d9935368efbc038453ff47cfd7556\",\"name\":\"Alexandra Recchia\",\"image\":{\"@type\":\"ImageObject\",\"inLanguage\":\"fr-FR\",\"@id\":\"https:\/\/maitrerecchia-avocat.fr\/#\/schema\/person\/image\/\",\"url\":\"https:\/\/secure.gravatar.com\/avatar\/7360f24ce5a2dc8eb868fbc3e4b78ff2?s=96&d=mm&r=g\",\"contentUrl\":\"https:\/\/secure.gravatar.com\/avatar\/7360f24ce5a2dc8eb868fbc3e4b78ff2?s=96&d=mm&r=g\",\"caption\":\"Alexandra Recchia\"},\"logo\":{\"@id\":\"https:\/\/maitrerecchia-avocat.fr\/#\/schema\/person\/image\/\"}}]}<\/script>\n<!-- \/ Yoast SEO plugin. -->","yoast_head_json":{"title":"Honoraires - Alexandra Recchia","robots":{"index":"index","follow":"follow","max-snippet":"max-snippet:-1","max-image-preview":"max-image-preview:large","max-video-preview":"max-video-preview:-1"},"canonical":"https:\/\/maitrerecchia-avocat.fr\/index.php\/honoraires\/","og_locale":"fr_FR","og_type":"article","og_title":"Honoraires - Alexandra Recchia","og_description":"Les honoraires de Ma\u00eetre Alexandra RECCHIA sont fix\u00e9s conform\u00e9ment \u00e0 l&rsquo;article 11&nbsp;du R\u00e8glement Int\u00e9rieur National de la Profession d&rsquo;Avocat dont le texte est ci-apr\u00e8s rappel\u00e9&nbsp;: \u00ab\u00a011.1 L\u2019avocat informe son client, d\u00e8s sa saisine, des modalit\u00e9s de d\u00e9termination des honoraires et l\u2019informe r\u00e9guli\u00e8rement de l\u2019\u00e9volution de leur montant. L\u2019avocat informe \u00e9galement son client de l\u2019ensemble des&hellip;&nbsp;Lire la suite &raquo;Honoraires","og_url":"https:\/\/maitrerecchia-avocat.fr\/index.php\/honoraires\/","og_site_name":"Alexandra Recchia","article_modified_time":"2024-02-05T11:01:00+00:00","twitter_card":"summary_large_image","twitter_misc":{"Dur\u00e9e de lecture estim\u00e9e":"5 minutes"},"schema":{"@context":"https:\/\/schema.org","@graph":[{"@type":"WebPage","@id":"https:\/\/maitrerecchia-avocat.fr\/index.php\/honoraires\/","url":"https:\/\/maitrerecchia-avocat.fr\/index.php\/honoraires\/","name":"Honoraires - Alexandra Recchia","isPartOf":{"@id":"https:\/\/maitrerecchia-avocat.fr\/#website"},"datePublished":"2017-05-09T17:19:04+00:00","dateModified":"2024-02-05T11:01:00+00:00","breadcrumb":{"@id":"https:\/\/maitrerecchia-avocat.fr\/index.php\/honoraires\/#breadcrumb"},"inLanguage":"fr-FR","potentialAction":[{"@type":"ReadAction","target":["https:\/\/maitrerecchia-avocat.fr\/index.php\/honoraires\/"]}]},{"@type":"BreadcrumbList","@id":"https:\/\/maitrerecchia-avocat.fr\/index.php\/honoraires\/#breadcrumb","itemListElement":[{"@type":"ListItem","position":1,"name":"Accueil","item":"https:\/\/maitrerecchia-avocat.fr\/"},{"@type":"ListItem","position":2,"name":"Honoraires"}]},{"@type":"WebSite","@id":"https:\/\/maitrerecchia-avocat.fr\/#website","url":"https:\/\/maitrerecchia-avocat.fr\/","name":"Alexandra Recchia Avocat","description":"Avocate au Barreau de Paris","publisher":{"@id":"https:\/\/maitrerecchia-avocat.fr\/#\/schema\/person\/867d9935368efbc038453ff47cfd7556"},"potentialAction":[{"@type":"SearchAction","target":{"@type":"EntryPoint","urlTemplate":"https:\/\/maitrerecchia-avocat.fr\/?s={search_term_string}"},"query-input":"required name=search_term_string"}],"inLanguage":"fr-FR"},{"@type":["Person","Organization"],"@id":"https:\/\/maitrerecchia-avocat.fr\/#\/schema\/person\/867d9935368efbc038453ff47cfd7556","name":"Alexandra Recchia","image":{"@type":"ImageObject","inLanguage":"fr-FR","@id":"https:\/\/maitrerecchia-avocat.fr\/#\/schema\/person\/image\/","url":"https:\/\/secure.gravatar.com\/avatar\/7360f24ce5a2dc8eb868fbc3e4b78ff2?s=96&d=mm&r=g","contentUrl":"https:\/\/secure.gravatar.com\/avatar\/7360f24ce5a2dc8eb868fbc3e4b78ff2?s=96&d=mm&r=g","caption":"Alexandra Recchia"},"logo":{"@id":"https:\/\/maitrerecchia-avocat.fr\/#\/schema\/person\/image\/"}}]}},"_links":{"self":[{"href":"https:\/\/maitrerecchia-avocat.fr\/index.php\/wp-json\/wp\/v2\/pages\/49"}],"collection":[{"href":"https:\/\/maitrerecchia-avocat.fr\/index.php\/wp-json\/wp\/v2\/pages"}],"about":[{"href":"https:\/\/maitrerecchia-avocat.fr\/index.php\/wp-json\/wp\/v2\/types\/page"}],"author":[{"embeddable":true,"href":"https:\/\/maitrerecchia-avocat.fr\/index.php\/wp-json\/wp\/v2\/users\/1"}],"replies":[{"embeddable":true,"href":"https:\/\/maitrerecchia-avocat.fr\/index.php\/wp-json\/wp\/v2\/comments?post=49"}],"version-history":[{"count":3,"href":"https:\/\/maitrerecchia-avocat.fr\/index.php\/wp-json\/wp\/v2\/pages\/49\/revisions"}],"predecessor-version":[{"id":114,"href":"https:\/\/maitrerecchia-avocat.fr\/index.php\/wp-json\/wp\/v2\/pages\/49\/revisions\/114"}],"wp:attachment":[{"href":"https:\/\/maitrerecchia-avocat.fr\/index.php\/wp-json\/wp\/v2\/media?parent=49"}],"curies":[{"name":"wp","href":"https:\/\/api.w.org\/{rel}","templated":true}]}}